 is the value of 7 - ((2 + 8 - 7) + 17)?
-13
What is -3 - (-6 - ((3 - -1) + -21))?
-14
Calculate -2 + (3 + -8 + 5 - 2) + 2.
-2
Evaluate -12 - (-24 + 14) - -19.
17
What is (-4 + 10 - (9 - (-2 - 0))) + -9?
-14
Calculate (10 - -11) + (0 + -4 + 0 - -5).
22
Evaluate 31 + -9 + -26 - (-18 - -1).
13
Evaluate -19 - (-20 - 20 - -9).
12
Calculate -18 + 8 + 3 - (6 + 2).
-15
Calculate (-299 - -284) + 1 + 15.
1
-71 + (4 - -27) - -57
17
What is the value of -11 + 9 - (2 + -10 + 10)?
-4
-11 + 36 + -26 - ((19 - -2) + 2)
-24
Evaluate -3 + 0 + (-5 - -1) + -18 + 14.
-11
What is 24 + (-14 + -16 - -15)?
9
(13 - (10 + -4)) + -20
-13
What is the value of 335 - 322 - (1 + 2)?
10
Calculate (0 - (-6 + 10)) + 1 + 0 + -7.
-10
What is (51 + -23 - 18) + (2 - 12)?
0
What is 6 + (-9 - -10) - 19?
-12
What is 3 + (-10 - -13) - (2 + -9)?
13
What is the value of (6 - -1) + -24 + (-3 + -3 - -22)?
-1
-17 + (4 + (0 - 3) - -2) + 3
-11
Evaluate 10 + -3 + -1 + -9.
-3
0 - (-15 + -16 - (3 - 13))
21
Calculate 5 + -1 + (-9 - (-11 - -1)) + 11.
16
Calculate -17 - -33 - -3 - (-2 + (-1 - -2)).
20
Calculate -1 + -3 + -1 + (18 - 22 - -12).
3
74 - (-3 + 39) - 63
-25
What is -15 - ((-12 - -19) + -2 + -2)?
-18
(-10 - -2 - (-2 - 0)) + 10
4
What is (1 - -2) + (1 - 7) + -2 + -12?
-17
What is (-13 + -12 - -22) + 0 + 1 + -1?
-3
What is -1 + -23 - (-14 + (-26 - -8) - -22)?
-14
What is the value of 2 + -14 + 3 + 7?
-2
Evaluate 6 - (17 - (21 - 22)).
-12
-17 + -2 - -3 - -6
-10
What is 1 + 23 + (81 - 53 - 40)?
12
Evaluate -27 - (-15 - (-22 + 24)).
-10
Calculate 5 - 31 - (16 + -14).
-28
Calculate -1 - 1 - (-4 - (-6 + 1 - 4)).
-7
Evaluate -4 + 4 + (2 - 13) - (9 - 10).
-10
Evaluate (2 - 5 - -5 - 5 - -17) + -7.
7
What is the value of 2 + -15 - (43 + -30 + 0)?
-26
Evaluate 13 - ((-21 - -22) + -3).
15
What is the value of -8 + (-3 - 1) + 9 + 4 - 22?
-21
Calculate 607 - 616 - (0 + -6).
-3
What is the value of 4 + 11 + -38 + 20?
-3
(4 - 1 - (10 - 1)) + (236 - 237)
-7
-5 + -3 + 36 + -16 - 25
-13
Evaluate -4 + (11 + -6 + 10 + -8 - 17).
-14
4 - (13 + (2 - 3) + (34 - 31))
-11
What is 27 - (-3 - (-19 - -7))?
18
Calculate 8 + -2 + 2 + (13 - 21) + -9.
-9
Evaluate -2 - 7 - (40 - (45 - 1)).
-5
What is the value of (4 - 5) + -9 - (-18 + 24)?
-16
Calculate -6 + 4 + (1 - 14) + 0.
-15
What is the value of 0 + 4 + -3 + -2 + 7 - -3?
9
Evaluate (9 - 15) + 26 + -17.
3
What is the value of 43 + -19 + 22 + -33?
13
What is -24 - (10 - 17) - -10?
-7
Calculate 51 + -60 - (-1 + -1).
-7
Evaluate -6 + 11 + (-37 - -30) + (0 - -8).
6
What is the value of -3 - ((2 - 3) + 3 + 3)?
-8
Calculate -13 - (10 + -6) - (-3 - (-1 + -2)).
-17
Evaluate (-36 - -37) + 1 + -1 + (7 - -4).
12
Calculate 5 - (1 - (38 - 19)).
23
13 + -6 + (-51 - -59)
15
(2 - 8) + (-6 - 0 - 4) + 2
-14
What is -9 + -1 + (-4 - (-3 + -5))?
-6
Calculate (-8 - (-26 - -25)) + -17.
-24
-56 + 65 + (2 - 15)
-4
What is the value of -8 + 0 + 18 - 17?
-7
Evaluate ((21 - 16) + (-1 - 12) - -1) + 32.
25
Evaluate -28 + (-41 - (-32 - 27)).
-10
Evaluate -30 - (-6 + -6 + -5).
-13
What is the value of 19 + 9 - (72 + -20)?
-24
What is the value of (-1 + -4 - 3) + 23 - 6?
9
What is the value of (-8 - (-17 - -5)) + (-13 - 1) - -2?
-8
(12 - 4) + (23 - 8 - 13)
10
What is the value of 1 - 9 - (21 + -66 + 36)?
1
Evaluate (-46 + -6 - -18) + 19.
-15
Evaluate (15 - 2) + -3 + -8 - -9.
11
-17 + (-14 - -10) + 2 - -10
-9
Evaluate (13 - 12) + 1 - 11.
-9
What is the value of 1 - (-3 - (-2 - -1) - (-2 + -5))?
-4
-9 - ((-4 - -13) + -10)
-8
Calculate 7 + (0 - -15) + (245 - 229).
38
(0 + 0 - (1 + 0)) + (131 - 119)
11
What is the value of 8 - (1 + 8) - (-7 + 2)?
4
What is the value of -3 - 9 - (-151 + 125)?
14
What is the value of -12 + 21 - 9 - (4 - -1)?
-5
What is (-2 + -8 - -11) + (9 - -2)?
12
Evaluate 217 + -209 + 1 + -2 - -16.
23
Evaluate 1 + 1 + 14 + -11 - (0 + 8).
-3
Evaluate 16 + 5 + -14 - (11 + -9).
5
What is -13 + ((12 - 2) + -1 - (109 + -94))?
-19
What is -1 + -29 - (8 + 36 + -52)?
-22
What is the value of 7 + -6 + 0 + (-1 - 6) - -9?
3
Calculate 26 - 12 - (-17 - -24).
7
Calculate 20 - (-9 + 51 + -8).
-14
2 - 6 - (-5 - (-4 - 20))
-23
(-10 - (9 + -34)) + -9
6
-18 - -24 - (10 - -2 - (-10 + 14))
-2
-18 + (7 - (-6 - (7 + -14)))
-12
-4 - (11 - (-6 - -15))
-6
What is the value of (14 - 29) + 16 + 12 - 5?
8
(-5 - 0) + 2 + (48 - 44)
1
Evaluate -5 - ((-1 - 2) + -10 + 13 - 3).
-2
What is (-4 - (-11 + 5) - 0) + 1 + -2?
1
(-55 - -11) + 19 - -18
-7
Calculate (-5 - -10) + (9 - 13) + -4 + 0.
-3
What is -3 + (4 - 8 - 2) + 0?
-9
What is 1 + (-11 + (-6 - -10) - -4) + 11?
9
What is (9 - (-8 + 11) - 6) + -7?
-7
What is the value of -1 - (-12 - (-19 - (-7 - -2)))?
-3
(0 - -29) + -709 + 687
7
(0 - (-3 - (2 + -27))) + (74 - 62)
-10
Calculate 32 + -32 + (-2 + 5 - -1) + -3.
1
-1 - -9 - -1 - (-7 - -41)
-25
0 + -8 + (4 - (2 - 3)) + -3
-6
What is -4 + 19 + -20 + (10 - -1) + 10?
16
7 + -1 + 20 + -16 + 28 + -27
11
Evaluate 6 - (-24 + 7 + 6) - (-2 - -1).
18
Calculate (3 - 3) + -29 + (-54 - -25) + 39.
-19
Evaluate 5 - ((42 - 63) + -14).
40
-7 + 14 + -1 + -7 + -4
-5
Calculate (-11 - -5 - -2 - 6 - -7) + -21.
-24
Evaluate 16 + (-25 - (-44 - -25)).
10
What is the value of (-45 - -23) + 24 + (-12 - 1)?
-11
What is -3 + 0 + -6 + -208 + 195?
-22
Evaluate -17 + (-15 - (14 - 41)).
-5
What is the value of 2 - (-3 - (-12 - -6)) - 17?
-18
Evaluate -16 + 3 + 40 + -32.
-5
What is (2 - 1) + -9 + (5 - -5) + -9?
-7
What is -70 + 87 - (21 - 3)?
-1
Evaluate 23 + 15 + (-48 - -25).
15
What is the value of -46 + 79 + -36 - (7 + 0 - 0)?
-10
Calculate 819 + -820 - (0 + -7).
6
What is the value of (-4 - 8) + 0 + -22 + (8 - -5)?
-21
30 + (33 + -40 - 23)
0
(12 - -2) + (-9 - (0 + -1))
6
-1067 + 1070 + (10 - (1 + 1))
11
What is -1 + -16 - (-3 - ((17 - 12) + -1))?
-10
(1 - 12) + 120 + -115
-6
Evaluate 4 - (-8 - (-25 + 4) - 3).
-6
Evaluate -24 - (-19 - (-1 + 3 - 11)).
-14
What is -9 + (3 - 17) + 8 + 18?
3
6 + -9 - (-14 + (-8 - 7))
26
-15 + 16 + -14 + (-3 - -11)
-5
Calculate (-21 - (-39 + 18)) + -2 + 1 + 21.
20
Calculate -9 - (1 - (-8 + 12)) - (-7 + 3).
-2
Calculate 14 - (-10 - -43 - 13).
-6
What is -15 + -2 + (9 + -6 - -1)?
-13
What is the value of 6 + (-6 - (-12 - -7 - -3))?
2
Evaluate 46 - (-1 + 15) - 24.
8
Evaluate -7 - (5 + -10 + (6 - 5) - -3).
-6
12 + (-9 + 5 - 4)
4
What is the value of 2 - 3 - (-22 + -2)?
23
What is the value of -4 + (3 + 8 + -9 - -1)?
-1
What is 81 - 81 - (-1 - (-2 + 2))?
1
What is the value of 46 + 2 - (-12 - -40)?
20
-2 + 0 - (14 + -6 + 1)
-11
Calculate (-3 - (-2 + 0 + 2)) + (66 - 60).
3
Calculate (190 - 153) + (-4 - 16).
17
Calculate -14 + (-5 - (16 + -36)).
1
Evaluate -12 + 14 + 5 + 8.
15
Evaluate 0 - 1 - 16 - (81 + -74 + -10).
-14
Evaluate 4 + 1 - ((6 - 6) + 7 + -5).
3
Calculate (-5 - -2) + 2 + 2 + 5.
6
Calculate 13 + -7 + (12 + 8 - 8).
18
What is the value of -406 + 404 + 0 + (1 - 17)?
-18
Calculate 14 - (3 + 0 + 7).
4
Evaluate (-1 - 17) + (3 - 26) + 26 - 3.
-18
Calculate 9 - (38 + -1 + (-15 - -1)).
-14
What is (7 - (18 + 11 + -3 + -3)) + -9?
-25
(19 - 16 - 4) + 13
12
Calculate 3 + -1 + 0 - (-103 + 104).
1
Evaluate -28 - ((6 - 24) + -4).
-6
Calculate -7 + 28 + 0 + -6 + -1.
14
-5 + (-2 - 3 - -5) - 1
-6
What is the value of (15 - 18 - -8) + -16 - (-2 + 11)?
-20
What is the value of -1 - ((17 - 26) + (-3 - -4) + 19)?
-12
5 - (-10 - -10) - 5 - -11
11
What is the value of (-3 - (-1 - 0)) + 66 + -30 + -33?
1
What is 0 - (27 + -23) - -15?
11
Calculate (-16 - (-8 + -36 + 12)) + -2.
14
Calculate 1 - 5 - (27 - (-8 + -3 - -14)).
-28
(17 - 7) + 3 - 37
-24
Evaluate -15 + (45 - 28) - (-3 + 14).
-9
Evaluate (1 - (-18 + 8)) + -14.
-3
Evaluate -13 + 13 - (-7 + 4) - (-2 + 3).
2
(-6 + -2 - -5) + 36 - 16
17
What is the value of -18 - ((4 - 16) + -17)?
11
Calculate 9 + 0 + (-3 - -20 - 21) - 29.
-24
What is the value of 52 - 62 - ((0 - 1) + 0) - 4?
-13
Evaluate 2 + -56 - (-8 + 7 - 17).
-36
What is the value of 0 - (5 + 14 + (-6 + 9 - 9))?
-13
1 + 0 - 1 - -9 - -18 - 1
26
Calculate -1 - (-14 - -9) - 13.
-9
Calculate (-1 - (16 - 5)) + (-4 - -2) - 4.
-18
What is -8 + (-8 - -10) - (2 + (6 - 2))?
-12
Calculate -3 + 12 + (1 - 3) + 12.
19
What is -35 + 20 + (30 - 17)?
-2
Evaluate 6 - ((1 - 4) + (-18 - -7) + 11).
9
-8 + 8 + 30 + -21
9
Calculate -5 + 1 + 9 + (2 + -6 - -9).
10
Evaluate 6 - (33 - ((0 - (-6 + -4)) + -4)).
-21
-11 + 31 + (1 - 13) + -17
-9
Evaluate 24 + -2 - 